- g*f + d = 0. Is f a composite number?
False
Let w = -109 - -1686. Let s = 2790 - w. Is s prime?
True
Let d = -40 - -46. Is (-14971)/22*d/(-3) a composite number?
False
Let b be (-250)/(-75)*3/(-2). Let p be (117/(-45) - (-1 + 0))*b. Is 104979/28 - 2/p composite?
True
Let b = -75 - -106. Suppose -17514 = 793*y - 856*y. Suppose 0 = -b*j + 29*j + y. Is j a composite number?
False
Suppose -z - q = -389505, -20 = 8*q - 4. Is z a prime number?
True
Let s = 138457 - 10640. Is s composite?
False
Let m(k) = 4555*k - 84. Is m(11) prime?
True
Suppose -5*o + 5*t = 5, -38*o = -33*o - 4*t + 3. Let w(r) = 30986*r**2 + 22*r - 23. Is w(o) a prime number?
False
Let r(m) = 2*m**2 - 27*m + 97. Let i be r(5). Let v(n) = 9*n**3 - 38*n**2 + 14*n - 37. Is v(i) composite?
False
Let f be (1 - 1)*67/268. Let y(h) = -24*h + 2963. Is y(f) a composite number?
False
Let d(x) = 7*x**3 - 77*x**2 - 153*x + 26. Is d(27) prime?
True
Suppose -23*p + 5655222 - 28417788 = -77*p. Is p a prime number?
False
Let d = 10386 + -15335. Let k = d - -8280. Is k prime?
True
Let d = -2516 + 995. Let s = 1106 - d. Let g = s - 1788. Is g a prime number?
True
Let l(p) = 1539*p**2 + 25*p + 25. Is l(-9) prime?
True
Let l(q) = 1028*q**2 + 61*q - 65. Is l(18) a composite number?
True
Suppose -2*p + 4*w + 68354 = -271676, 6*p - w - 1020024 = 0. Is p a composite number?
False
Let c = 33 + -28. Suppose 2*j = -c*j + 4669. Is j composite?
True
Let m = 3998 - 1408. Let t = m - 557. Suppose 0*r = y + 4*r - t, 0 = -5*y - 3*r + 10199. Is y prime?
False
Let p(j) = -226*j - 19. Let b(a) = -a**3 - 31*a**2 + 31*a - 39. Let k be b(-32). Is p(k) prime?
False
Suppose 12*g - 3562044 = -21*g + 10552419. Is g a prime number?
True
Let w(t) = 105*t**2 - 5*t - 1. Let n be ((-6)/(-4) + -1)/((-14)/(-140)). Suppose 0*o - n*b - 9 = -2*o, 5*b = -15. Is w(o) a prime number?
False
Let a = 19923 + 45476. Is a prime?
False
Is (1/4)/(508/326954896) a prime number?
True
Suppose -61 = -5*o + 234. Let i = -57 + o. Suppose -4*g - 5731 = -i*p + g, -2862 = -p - g. Is p a prime number?
False
Let q be ((-52)/(-26))/((-2)/(-2542)). Suppose -7*t - 1189 = q. Let z = 850 + t. Is z prime?
True
Let a be 1/(-2) + ((-582)/12 - -4). Is ((-15995)/(-3) - 3)/((-10)/a) a composite number?
True
Suppose -3*x + 6 = 0, -4*a + 670 = -2*x + 14. Suppose -2*b + 1533 = a. Let s = 2525 - b. Is s composite?
True
Let z(l) = -l**2 + 12*l + 51. Let u be z(-18). Let r = 1046 + u. Is r prime?
True
Let r be (4/(-5))/((-70)/25)*7. Suppose 21 = 3*d + 7*b - r*b, 0 = -5*b. Suppose -d*j + 9*j = 178. Is j composite?
False
Let q = -88159 + 213558. Is q composite?
False
Let s = -108 + 96. Let m(t) = -298*t - 79. Is m(s) composite?
True
Let f(y) = 95*y**2 + 58*y - 6794. Is f(99) prime?
True
Let c(o) = o**3 + 167*o**2 - 87*o + 172. Is c(-57) a composite number?
False
Let t = -9614 + 10581. Is t a composite number?
False
Let g = 43 - 41. Suppose g*o - 3*o - 36 = 0. Is 2249/3 + o/54 composite?
True
Let u(s) = 4*s + 4. Let r(a) = a + 1. Let k(q) = -3*r(q) + u(q). Let o(j) = 8*j**2 + 5*j - 20. Let y(v) = 3*k(v) + o(v). Is y(-7) prime?
False
Suppose 0 = -5*d - 4*s + 1130391, -d + 235226 = -2*s + 9145. Is d prime?
False
Suppose 0 = -2*i - 5*d - 22107 + 217863, -5*d - 293609 = -3*i. Is i a prime number?
False
Let c be 6*(2 - 1)*-9*1. Is 4246 - (3/(-2))/(c/180) a composite number?
False
Suppose -29*z - 8129283 = -24*z - 24*z. Is z a prime number?
False
Suppose -2 = s, -5*h + 4*s = s - 26. Let z(l) = l**2 + 4*l + 7. Let n be z(-2). Suppose h*p - 2*r = 4246, -5*r + 3*r = n*p - 3167. Is p composite?
True
Suppose -111*n + 2336979 + 11545014 = 0. Is n prime?
True
Let o(n) = 2456*n**2 - 48*n + 273. Is o(7) composite?
True
Suppose -24*y + 21*y + 169715 = 4*c, -3*y = 5*c - 169717. Is y a composite number?
False
Suppose 10975 + 33790 = -7*l. Let p = 14586 + l. Is p a prime number?
True
Suppose -x + 2*p - 5 = -2, x - 3*p = -6. Suppose x*m - 2*o - 38525 = 0, 4*m + 3*o - 51364 = 5*o. Is m a composite number?
True
Let v(b) be the third derivative of 69*b**5/10 - b**4/24 - 29*b**3/6 - 31*b**2. Is v(8) composite?
False
Suppose 1968506 + 4409519 = 23*w - 167476. Is w a composite number?
False
Let l = -404087 - -807598. Is l prime?
True
Suppose -l + 3*u = -5*l + 7, 4*u = l + 3. Let p(q) = 899*q - 48. Is p(l) prime?
False
Suppose 0 = -5*y + 2*w, 2*y - 5*w + 13 = 34. Let q(c) = 1652*c**2 + 7*c + 5. Is q(y) composite?
False
Let r(s) be the second derivative of -s**5/20 - 5*s**4/4 + s**3/6 - 20*s**2 + 22*s - 2. Is r(-17) a prime number?
True
Let b be (20/16)/(-1)*-4 - 0. Suppose -4*d = 3*z - 11817, 0 = b*d + 9 + 6. Is z prime?
True
Suppose -74859277 = -369*a + 182181047 + 14414157. Is a a prime number?
True
Is (-26)/(11130/2785 + -4) a composite number?
True
Suppose -4*y = 2*v + 44, 4*y + 31 + 25 = -3*v. Let m be -4 - ((-133)/5 - v/(-30)). Let t = 234 - m. Is t composite?
False
Let u be (-6755 - 4) + (-10)/(2*-1). Let m = u + 10991. Is m a prime number?
False
Suppose 0 = -u + 6*u - 220. Suppose 0 = -41*m + 35*m - 678. Let p = u - m. Is p a composite number?
False
Let z = 0 - 1. Let q(u) = 544*u - 1. Let p(w) = 38*w - 1. Let i(n) = -2*p(n) - q(n). Is i(z) a prime number?
False
Is ((15701/(-42))/(1/4))/((-48)/3384) composite?
True
Let k = -14 - -11. Let t(b) = b**2 + 33*b + 7. Let u(i) = -i**2 - 34*i - 8. Let x(o) = k*t(o) - 2*u(o). Is x(-14) composite?
False
Suppose 13*a = 3*u + 11*a - 499833, 3*a - 833017 = -5*u. Is u composite?
True
Suppose -14*p = -42*p + 280. Let i(m) = 15*m**3 + 3*m**2 - 14*m - 29. Is i(p) prime?
True
Let z(d) = 143*d**3 + 8*d**2 - 7*d + 8. Let v be z(3). Suppose -3*o + 2377 = -v. Is o prime?
True
Let h = -368181 + 262006. Is (-6)/(-9) - h/15 prime?
True
Let w(v) = -340*v + 1003. Let q(g) = 84*g - 251. Let m(c) = 9*q(c) + 2*w(c). Is m(32) composite?
False
Is (-1359059)/(-39) + ((-140)/(-90) - (-8)/(-36)) a composite number?
False
Let g = 419900 - 171322. Suppose 31*o - 9*o = g. Is o prime?
True
Suppose -12*b - 1464953 = 17*b - 4544086. Is b composite?
True
Let x be 21641/3 + (-40)/24. Let y = x - -11893. Is y composite?
True
Let a = 3309 - 1445. Suppose 6069 - a = 5*u. Is u a prime number?
False
Let x(h) = 213*h + 4. Let i be x(6). Suppose -d = -m - 641, -d - d - 3*m = -i. Is d composite?
False
Let c = -1043 - -3313. Let y = c - -361. Suppose -6*x + 3*x + y = 0. Is x composite?
False
Let d be ((-98)/4 + -4)*2/(-3). Suppose 7*f - d - 16 = 0. Suppose 759 + 18 = g + f*r, -3208 = -4*g + 5*r. Is g prime?
True
Let j = -337 + 342. Suppose 0 = -4*s + j*i + 12894, -16140 = -5*s + i - 6*i. Is s a composite number?
True
Suppose -222*n - 81*n + 1311081 = 0. Is n a composite number?
False
Is (5 - 110/(-10)) + 63571 a prime number?
True
Let i be (6/(-3) - -6)*(-6)/(-8). Suppose w - i*m = 14, 5*m = -w - 16 + 6. Suppose 2 = -f + 5*p + 554, 5*p = -w*f + 2670. Is f prime?
False
Let p(n) = 349*n**3 - n**2 + n + 7. Let j be p(3). Let b = j + -2829. Is b a composite number?
True
Suppose 0*a = -2*a + 14. Suppose -a*x + 10 = -2*x. Suppose 132 = -x*m + 8*m. Is m a prime number?
False
Let r(y) = -3*y**2 + 10*y - 8. Let s be r(7). Let j = 4462 - 3076. Let z = j - s. Is z composite?
False
Let s(l) = -l**3 - 7*l**2 - 10*l + 4. Let k = -3 + 3. Let r(a) = a**2 - 3*a - 7. Let t be r(k). Is s(t) prime?
False
Let j(z) be the second derivative of z**4/4 - z**3 + z**2 - 3*z. Let w be j(2). Is 7/14 + 1357/w a prime number?
False
Suppose 8677*q + 3*r + 526027 = 8681*q, -394529 = -3*q + 4*r. Is q a composite number?
True
Let w(h) = h**2 + 12*h + 1. Let s(b) = 17*b + 10. Let f be s(4). Suppose o = -x + 19, 4*o + 0*x = -2*x + f. Is w(o) a prime number?
True
Let o(q) = -108*q**3 - 7*q**2 + 3*q - 2. Let t(g) = -215*g**3 - 14*g**2 + 6*g - 2. Let c(u) = 5*o(u) - 3*t(u). Is c(3) composite?
True
Let f be 2/(-20) + (-403942)/(-220). Let s be 0*(-3 + 6 + -4). Suppose -4*v + f - 312 = s. Is v composite?
True
Let q(o) = -1405*o + 12. Let g be q(9). Is (5 - 0)/(g/(-1579) + -8) prime?
False
Let r = -7099 - -15797. Is r a prime number?
False
Let l = 119672 + -79369. Is l a prime number?
False
Suppose 7*p - 35*p = 27*p - 1116665. Is p a prime number?
False
Let o(k) = -56932*k - 370. Is o(-2) prime?
False
Let k(o) = -31*o**3 - 10*o**2 - 48*o - 19. Let q be k(-7). Let j = q - 7469. Is j a composite number?
True
Suppose -15*j - 190 = 